{"id":1400,"date":"2014-08-25T08:32:47","date_gmt":"2014-08-25T08:32:47","guid":{"rendered":"http:\/\/xml-io.proteusthemes.com\/restaurant\/?page_id=1400"},"modified":"2023-06-27T16:31:33","modified_gmt":"2023-06-27T16:31:33","slug":"front-page-1","status":"publish","type":"page","link":"https:\/\/update.uhrwerk-gutach.de\/herr-zeit\/","title":{"rendered":"Startseite"},"content":{"rendered":"\n<div class=\"wp-block-uagb-container uagb-block-2efce160 alignfull uagb-is-root-container\"><div class=\"uagb-container-inner-blocks-wrap\">\n<\/div><\/div>\n\n\n\n<div style=\"height:100px\" aria-hidden=\"true\" class=\"wp-block-spacer\"><\/div>\n\n\n\n<div class=\"wp-block-uagb-container uagb-block-ab071c6d alignfull uagb-is-root-container\"><div class=\"uagb-container-inner-blocks-wrap\">\n<div class=\"wp-block-uagb-container uagb-block-097c7644\">\n<p>EIN ST\u00dcCK HANDWERK, KUNST UND TRADITION AUS DEM SCHWARZWALD<\/p>\n\n\n\n<div class=\"wp-block-uagb-advanced-heading uagb-block-bd879732\"><h2 class=\"uagb-heading-text\">IHRE\u00a0KUCKUCKSUHR<\/h2><\/div>\n\n\n\n<div class=\"wp-block-uagb-separator uagb-block-99f7f336\"><div class=\"wp-block-uagb-separator__inner\" style=\"--my-background-image:\"><\/div><\/div>\n\n\n\n<p style=\"margin-top:0;margin-right:0;margin-bottom:0;margin-left:0\"><strong>Kuckucksuhren<\/strong>\u00a0kommen traditionell aus dem Schwarzwald. In ihnen vereinen sich Handwerk, Kunst und Pr\u00e4zision \u2013 ein echtes Beispiel deutscher Wertarbeit.<br><br><strong>Adolf Herr<\/strong>\u00a0aus Hornberg-Niederwasser, einem kleinen \u00d6rtchen im Schwarzwald, ist Handwerker und K\u00fcnstler aus Leidenschaft. Er hat sein Leben der Fertigung von\u00a0<strong>Kuckucksuhren<\/strong>\u00a0gewidmet. Dabei hat er nicht nur traditionelle Designs gemeistert, sondern auch viele eigene Mechanismen erfunden und unz\u00e4hlige Unikate geschaffen. Was gibt es Sch\u00f6neres, als ein handgefertigtes und einzigartiges St\u00fcck Schwarzwald von\u00a0<strong>Herr Zeit<\/strong>\u00a0mit nach Hause zu nehmen?<\/p>\n\n\n\n<h5 class=\"wp-block-heading\" style=\"margin-top:0;margin-right:0;margin-bottom:0;margin-left:0\">Kuckucksuhren als weltweit bekannte Tradition<\/h5>\n\n\n\n<p style=\"margin-top:0;margin-right:0;margin-bottom:0;margin-left:0\">Die Kuckucksuhr ist dabei im Prinzip ihren Wurzeln treu geblieben. Sie hat weltweit Bekanntheit erlangt durch ihr Holzhaus mit Uhr und Dach, welches h\u00e4ufig noch zus\u00e4tzlich verziert ist.<br>In dem Kasten verstecken sich ein&nbsp;<strong>Pr\u00e4zisionsuhrwerk<\/strong>&nbsp;und zwei&nbsp;<strong>Blaseb\u00e4lge<\/strong>.<br>Mit diesen wird der charakteristische und namensgebende&nbsp;<strong>Ruf des Kuckucks<\/strong>&nbsp;erzeugt, welcher fr\u00f6hlich und fidel die halbe und volle Stunde verk\u00fcndet.<br>Dazu geh\u00f6rt nat\u00fcrlich auch das charakteristische&nbsp;<strong>Pendelwerk<\/strong>, das die mechanischen Uhrwerke am Laufen h\u00e4lt.<\/p>\n<\/div>\n\n\n\n<div class=\"wp-block-uagb-container uagb-block-5a36ee32\">\n<div class=\"wp-block-uagb-image aligncenter uagb-block-3c95f7ee wp-block-uagb-image--layout-default wp-block-uagb-image--effect-static wp-block-uagb-image--align-center\"><figure class=\"wp-block-uagb-image__figure\"><img decoding=\"async\" srcset=\"https:\/\/update.uhrwerk-gutach.de\/herr-zeit\/wp-content\/uploads\/sites\/5\/2021\/11\/Adolf_Herr_Uhrmacher.jpg \" sizes=\"auto, (max-width: 480px) 150px\" src=\"https:\/\/update.uhrwerk-gutach.de\/herr-zeit\/wp-content\/uploads\/sites\/5\/2021\/11\/Adolf_Herr_Uhrmacher.jpg\" alt=\"\" class=\"uag-image-4952\" width=\"354\" height=\"372\" title=\"\" loading=\"lazy\"\/><\/figure><\/div>\n<\/div>\n<\/div><\/div>\n\n\n\n<div class=\"wp-block-uagb-separator uagb-block-086cb4d3\"><div class=\"wp-block-uagb-separator__inner\" style=\"--my-background-image:\"><\/div><\/div>\n\n\n\n<div style=\"height:100px\" aria-hidden=\"true\" class=\"wp-block-spacer\"><\/div>\n\n\n\n<div class=\"wp-block-uagb-container uagb-block-285dffe3 default uagb-is-root-container\">\n<iframe loading=\"lazy\" width=\"560\" height=\"450\" src=\"https:\/\/www.youtube-nocookie.com\/embed\/wV3grW1TFA0\" title=\"YouTube video player\" frameborder=\"0\" allow=\"accelerometer; autoplay; clipboard-write; encrypted-media; gyroscope; picture-in-picture; web-share\" allowfullscreen><\/iframe>\n<\/div>\n\n\n\n<div style=\"height:100px\" aria-hidden=\"true\" class=\"wp-block-spacer\"><\/div>\n\n\n\n<div class=\"wp-block-uagb-separator uagb-block-9b77e94b\"><div class=\"wp-block-uagb-separator__inner\" style=\"--my-background-image:\"><\/div><\/div>\n\n\n\n<div class=\"wp-block-uagb-container uagb-block-0096c1a7 alignfull uagb-is-root-container\"><div class=\"uagb-container-inner-blocks-wrap\">\n<div class=\"wp-block-uagb-container uagb-block-ea2e2172\">\n<div class=\"wp-block-uagb-image uagb-block-bc96f79b wp-block-uagb-image--layout-default wp-block-uagb-image--effect-static wp-block-uagb-image--align-none\"><figure class=\"wp-block-uagb-image__figure\"><img decoding=\"async\" srcset=\"https:\/\/update.uhrwerk-gutach.de\/herr-zeit\/wp-content\/uploads\/sites\/5\/2021\/11\/531-4-8TMT-729x1024.jpg \" sizes=\"auto, (max-width: 480px) 150px\" src=\"https:\/\/update.uhrwerk-gutach.de\/herr-zeit\/wp-content\/uploads\/sites\/5\/2021\/11\/531-4-8TMT-729x1024.jpg\" alt=\"\" class=\"uag-image-4950\" width=\"729\" height=\"1024\" title=\"\" loading=\"lazy\"\/><\/figure><\/div>\n<\/div>\n\n\n\n<div class=\"wp-block-uagb-container uagb-block-56843940\">\n<p class=\"has-medium-font-size\" style=\"margin-top:0;margin-right:0;margin-bottom:0;margin-left:0\">DIE\u00a0RICHTIGE KUCKUCKSUHR F\u00dcR SIE<\/p>\n\n\n\n<div class=\"wp-block-uagb-separator uagb-block-3f2ab948\"><div class=\"wp-block-uagb-separator__inner\" style=\"--my-background-image:\"><\/div><\/div>\n\n\n\n<p style=\"margin-top:0;margin-right:0;margin-bottom:0;margin-left:0\">Bei uns haben Sie die M\u00f6glichkeit, sich ein St\u00fcck Schwarzwald-Tradition in Ihr Wohnzimmer zu holen.<br>In unserem Angebot finden Sie eine gro\u00dfe Auswahl an St\u00fccken f\u00fcr jeden Geldbeutel und jeden Geschmack. Auch Wanduhren, Standuhren, Tischuhren und andere Souvenirs k\u00f6nnen Sie hier erhalten.<br><br>Alle mechanischen Kuckucksuhren sind dabei von unserem Uhrenk\u00fcnstler Adolf Herr handsigniert und werden sicher bis zu Ihnen nach Hause geliefert.<\/p>\n<\/div>\n<\/div><\/div>\n\n\n\n<div class=\"wp-block-uagb-separator uagb-block-369d7251\"><div class=\"wp-block-uagb-separator__inner\" style=\"--my-background-image:\"><\/div><\/div>\n\n\n\n<div style=\"height:100px\" aria-hidden=\"true\" class=\"wp-block-spacer\"><\/div>\n\n\n\n<div class=\"wp-block-uagb-container uagb-block-2fd2e488 alignfull uagb-is-root-container\">\n<h3 class=\"wp-block-heading has-text-align-center\">Sehen Sie sich unsere aktuelle Brosch\u00fcre an<\/h3>\n\n\n<div class=\"_df_book df-lite\" id=\"df_5319\"  _slug=\"5319\" data-title=\"\" wpoptions=\"true\" thumb=\"https:\/\/update.uhrwerk-gutach.de\/herr-zeit\/wp-content\/uploads\/sites\/5\/2022\/05\/Uhrwerk-Gutach-Thumb.jpg\" thumbtype=\"\" ><\/div><script class=\"df-shortcode-script\" nowprocket type=\"application\/javascript\">window.option_df_5319 = {\"outline\":[],\"backgroundColor\":\"#ffffff\",\"autoEnableOutline\":\"false\",\"autoEnableThumbnail\":\"false\",\"overwritePDFOutline\":\"false\",\"direction\":\"1\",\"pageSize\":\"0\",\"controlsPosition\":\"hide\",\"source\":\"https:\\\/\\\/update.uhrwerk-gutach.de\\\/herr-zeit\\\/wp-content\\\/uploads\\\/sites\\\/5\\\/2022\\\/05\\\/Uhrwerk-Brosch-2022_small5789.pdf\",\"wpOptions\":\"true\"}; if(window.DFLIP && window.DFLIP.parseBooks){window.DFLIP.parseBooks();}<\/script>\n<\/div>\n\n\n\n<div style=\"height:100px\" aria-hidden=\"true\" class=\"wp-block-spacer\"><\/div>\n\n\n\n<div class=\"wp-block-uagb-call-to-action uagb-block-283d61ae wp-block-button\"><div class=\"uagb-cta__wrap\"><\/div><div class=\"uagb-cta__buttons\"><a href=\"https:\/\/www.haus-der-schwarzwalduhren.de\/\" class=\"uagb-cta__button-link-wrapper wp-block-button__link\" target=\"_blank\" rel=\"noopener noreferrer\">Zum Onlineshop<svg xmlns=\"https:\/\/www.w3.org\/2000\/svg\" viewBox=\"0 0 576 512\"><path d=\"M96 0C107.5 0 117.4 8.19 119.6 19.51L121.1 32H541.8C562.1 32 578.3 52.25 572.6 72.66L518.6 264.7C514.7 278.5 502.1 288 487.8 288H170.7L179.9 336H488C501.3 336 512 346.7 512 360C512 373.3 501.3 384 488 384H159.1C148.5 384 138.6 375.8 136.4 364.5L76.14 48H24C10.75 48 0 37.25 0 24C0 10.75 10.75 0 24 0H96zM128 464C128 437.5 149.5 416 176 416C202.5 416 224 437.5 224 464C224 490.5 202.5 512 176 512C149.5 512 128 490.5 128 464zM512 464C512 490.5 490.5 512 464 512C437.5 512 416 490.5 416 464C416 437.5 437.5 416 464 416C490.5 416 512 437.5 512 464z\"><\/path><\/svg><\/a><\/div><\/div>\n\n\n\n<div style=\"height:100px\" aria-hidden=\"true\" class=\"wp-block-spacer\"><\/div>\n","protected":false},"excerpt":{"rendered":"<p>EIN ST\u00dcCK HANDWERK, KUNST UND TRADITION AUS DEM SCHWARZWALD IHRE\u00a0KUCKUCKSUHR Kuckucksuhren\u00a0kommen traditionell aus dem Schwarzwald. In ihnen vereinen sich Handwerk, Kunst und Pr\u00e4zision \u2013 ein echtes Beispiel deutscher Wertarbeit. Adolf Herr\u00a0aus Hornberg-Niederwasser, einem kleinen \u00d6rtchen im Schwarzwald, ist Handwerker und K\u00fcnstler aus Leidenschaft. Er hat sein Leben der Fertigung von\u00a0Kuckucksuhren\u00a0gewidmet. Dabei hat er nicht nur [&hellip;]<\/p>\n","protected":false},"author":1,"featured_media":0,"parent":0,"menu_order":0,"comment_status":"closed","ping_status":"closed","template":"","meta":{"_uag_custom_page_level_css":"","site-sidebar-layout":"default","site-content-layout":"","ast-site-content-layout":"default","site-content-style":"default","site-sidebar-style":"default","ast-global-header-display":"","ast-banner-title-visibility":"","ast-main-header-display":"","ast-hfb-above-header-display":"","ast-hfb-below-header-display":"","ast-hfb-mobile-header-display":"","site-post-title":"disabled","ast-breadcrumbs-content":"","ast-featured-img":"","footer-sml-layout":"","ast-disable-related-posts":"","theme-transparent-header-meta":"","adv-header-id-meta":"","stick-header-meta":"","header-above-stick-meta":"","header-main-stick-meta":"","header-below-stick-meta":"","astra-migrate-meta-layouts":"default","ast-page-background-enabled":"default","ast-page-background-meta":{"desktop":{"background-color":"var(--ast-global-color-4)","background-image":"","background-repeat":"repeat","background-position":"center center","background-size":"auto","background-attachment":"scroll","background-type":"","background-media":"","overlay-type":"","overlay-color":"","overlay-opacity":"","overlay-gradient":""},"tablet":{"background-color":"","background-image":"","background-repeat":"repeat","background-position":"center center","background-size":"auto","background-attachment":"scroll","background-type":"","background-media":"","overlay-type":"","overlay-color":"","overlay-opacity":"","overlay-gradient":""},"mobile":{"background-color":"","background-image":"","background-repeat":"repeat","background-position":"center center","background-size":"auto","background-attachment":"scroll","background-type":"","background-media":"","overlay-type":"","overlay-color":"","overlay-opacity":"","overlay-gradient":""}},"ast-content-background-meta":{"desktop":{"background-color":"var(--ast-global-color-5)","background-image":"","background-repeat":"repeat","background-position":"center center","background-size":"auto","background-attachment":"scroll","background-type":"","background-media":"","overlay-type":"","overlay-color":"","overlay-opacity":"","overlay-gradient":""},"tablet":{"background-color":"var(--ast-global-color-5)","background-image":"","background-repeat":"repeat","background-position":"center center","background-size":"auto","background-attachment":"scroll","background-type":"","background-media":"","overlay-type":"","overlay-color":"","overlay-opacity":"","overlay-gradient":""},"mobile":{"background-color":"var(--ast-global-color-5)","background-image":"","background-repeat":"repeat","background-position":"center center","background-size":"auto","background-attachment":"scroll","background-type":"","background-media":"","overlay-type":"","overlay-color":"","overlay-opacity":"","overlay-gradient":""}},"footnotes":""},"class_list":["post-1400","page","type-page","status-publish","hentry"],"uagb_featured_image_src":{"full":false,"thumbnail":false,"medium":false,"medium_large":false,"large":false,"1536x1536":false,"2048x2048":false},"uagb_author_info":{"display_name":"admin","author_link":"https:\/\/update.uhrwerk-gutach.de\/herr-zeit\/blog\/author\/cweber\/"},"uagb_comment_info":0,"uagb_excerpt":"EIN ST\u00dcCK HANDWERK, KUNST UND TRADITION AUS DEM SCHWARZWALD IHRE\u00a0KUCKUCKSUHR Kuckucksuhren\u00a0kommen traditionell aus dem Schwarzwald. In ihnen vereinen sich Handwerk, Kunst und Pr\u00e4zision \u2013 ein echtes Beispiel deutscher Wertarbeit. Adolf Herr\u00a0aus Hornberg-Niederwasser, einem kleinen \u00d6rtchen im Schwarzwald, ist Handwerker und K\u00fcnstler aus Leidenschaft. Er hat sein Leben der Fertigung von\u00a0Kuckucksuhren\u00a0gewidmet. Dabei hat er nicht nur&hellip;","_links":{"self":[{"href":"https:\/\/update.uhrwerk-gutach.de\/herr-zeit\/wp-json\/wp\/v2\/pages\/1400","targetHints":{"allow":["GET"]}}],"collection":[{"href":"https:\/\/update.uhrwerk-gutach.de\/herr-zeit\/wp-json\/wp\/v2\/pages"}],"about":[{"href":"https:\/\/update.uhrwerk-gutach.de\/herr-zeit\/wp-json\/wp\/v2\/types\/page"}],"author":[{"embeddable":true,"href":"https:\/\/update.uhrwerk-gutach.de\/herr-zeit\/wp-json\/wp\/v2\/users\/1"}],"replies":[{"embeddable":true,"href":"https:\/\/update.uhrwerk-gutach.de\/herr-zeit\/wp-json\/wp\/v2\/comments?post=1400"}],"version-history":[{"count":520,"href":"https:\/\/update.uhrwerk-gutach.de\/herr-zeit\/wp-json\/wp\/v2\/pages\/1400\/revisions"}],"predecessor-version":[{"id":5410,"href":"https:\/\/update.uhrwerk-gutach.de\/herr-zeit\/wp-json\/wp\/v2\/pages\/1400\/revisions\/5410"}],"wp:attachment":[{"href":"https:\/\/update.uhrwerk-gutach.de\/herr-zeit\/wp-json\/wp\/v2\/media?parent=1400"}],"curies":[{"name":"wp","href":"https:\/\/api.w.org\/{rel}","templated":true}]}}