{"id":4974,"date":"2021-11-25T16:45:02","date_gmt":"2021-11-25T16:45:02","guid":{"rendered":"https:\/\/staging.uhrwerk-gutach.de\/herr-zeit\/?page_id=4974"},"modified":"2023-07-18T07:32:45","modified_gmt":"2023-07-18T07:32:45","slug":"filialen","status":"publish","type":"page","link":"https:\/\/update.uhrwerk-gutach.de\/herr-zeit\/filialen\/","title":{"rendered":"Filialen"},"content":{"rendered":"\n<div class=\"wp-block-uagb-container uagb-block-95ef5d82 alignfull uagb-is-root-container\"><div class=\"uagb-container-inner-blocks-wrap\">\n<div class=\"wp-block-uagb-advanced-heading uagb-block-942205fa\"><h1 class=\"uagb-heading-text\">FILIALEN<\/h1><\/div>\n<\/div><\/div>\n\n\n\n<div style=\"height:54px\" aria-hidden=\"true\" class=\"wp-block-spacer\"><\/div>\n\n\n\n<div class=\"wp-block-uagb-container uagb-block-1d7fe769 alignfull uagb-is-root-container\"><div class=\"uagb-container-inner-blocks-wrap\">\n<div class=\"wp-block-uagb-container uagb-block-fcfc0aed\">\n<p>UHRWERK GUTACH<\/p>\n\n\n\n<div class=\"wp-block-uagb-advanced-heading uagb-block-32f1d45a\"><h2 class=\"uagb-heading-text\">HERR ZEIT<\/h2><\/div>\n\n\n\n<div class=\"wp-block-uagb-separator uagb-block-4172444d\"><div class=\"wp-block-uagb-separator__inner\" style=\"--my-background-image:\"><\/div><\/div>\n\n\n\n<p>Wir bieten Ihnen bei\u00a0<strong>Herr Zeit<\/strong>\u00a0neben\u00a0<strong>handgeschnitzte Kuckucksuhren<\/strong>\u00a0aus unserer eigenen Produktion ausgew\u00e4hlte Souvenirs vom klassischen T-Shirt bis zum hochwertigen Schwarzwald-Gin.<\/p>\n\n\n\n<p>Das\u00a0<strong>Erlebnisdorf \u201eUhrwerk\u201c<\/strong>\u00a0schenkt Ihnen eine Auszeit vom Alltag \u2013 denn das sch\u00f6nste Geschenk ist\u00a0<strong>Zeit<\/strong>. Bei uns erwartet Sie eine\u00a0<strong>Gastronomie- und Event-Location<\/strong>\u00a0der besonderen Art: Das einzigartige Schwarzwald-Flair sorgt f\u00fcr eine entspannte Atmosph\u00e4re und vereint Shopping, Erholung und Genuss auf h\u00f6chstem Niveau.<\/p>\n\n\n\n<p>Gleich neben dem Erlebnisdorf \u201eUhrwerk\u201c befindet sich das \u00e4lteste Freilichtmuseum des Landes, das Schwarzw\u00e4lder Freilichtmuseum Vogtsbauernhof. Ein Rundgang im Museum rundet Ihren Besuch bei uns ab.<\/p>\n\n\n\n<p><a rel=\"noreferrer noopener\" href=\"https:\/\/goo.gl\/maps\/ecx4KTZd7aE2c1Ug8\" target=\"_blank\">W\u00e4hlerbr\u00fccke 4, 77793 Gutach<\/a><\/p>\n<\/div>\n\n\n\n<div class=\"wp-block-uagb-container uagb-block-ae681a06\">\n<\/div>\n<\/div><\/div>\n\n\n\n<div class=\"wp-block-uagb-separator uagb-block-83e474f5\"><div class=\"wp-block-uagb-separator__inner\" style=\"--my-background-image:\"><\/div><\/div>\n\n\n\n<div style=\"height:54px\" aria-hidden=\"true\" class=\"wp-block-spacer\"><\/div>\n\n\n\n<div class=\"wp-block-uagb-container uagb-block-1a9a2861 alignfull uagb-is-root-container\"><div class=\"uagb-container-inner-blocks-wrap\">\n<div class=\"wp-block-uagb-container uagb-block-cea66b75\">\n<p>HORNBERG \u2013 NIEDERWASSER<\/p>\n\n\n\n<div class=\"wp-block-uagb-advanced-heading uagb-block-e54a32ed\"><h2 class=\"uagb-heading-text\">HAUS\u00a0DER SCHWARZWALDUHREN<\/h2><\/div>\n\n\n\n<div class=\"wp-block-uagb-separator uagb-block-61b48951\"><div class=\"wp-block-uagb-separator__inner\" style=\"--my-background-image:\"><\/div><\/div>\n\n\n\n<p>Besuchen Sie unsere Filiale in Hornberg &#8211; Niederwasser und bestaunen Sie die\u00a0<strong>Hornberger Uhrenspiele<\/strong>, eine lebendige Kuckucksuhr mit\u00a0<strong>21 sich bewegenden Figuren<\/strong>.<br>Die ideale M\u00f6glichkeit f\u00fcr ein sch\u00f6nes Urlaubsfoto als Erinnerung an Ihren Ausflug in den Schwarzwald.<\/p>\n\n\n\n<p>Nat\u00fcrlich haben Sie auch hier eine gro\u00dfe Auswahl an Souvenirs, handgefertigten Kuckucksuhren, Wanduhren, Standuhren, Tischuhren, Hummel Figuren, Bierkr\u00fcge, Zinn, Steiff, Porzellan Puppen, Musikdosen, Nussknacker, R\u00e4ucherm\u00e4nner, T-Shirts, Messer, Schwarzw\u00e4lder Geschenkartikel und vieles mehr.<\/p>\n\n\n\n<p><a rel=\"noreferrer noopener\" href=\"https:\/\/goo.gl\/maps\/ecx4KTZd7aE2c1Ug8\" target=\"_blank\"><a rel=\"noreferrer noopener\" href=\"https:\/\/goo.gl\/maps\/E5J5NXR6q1CPdDNC8\" target=\"_blank\">Landstra\u00dfe 7, 78132 Hornberg-Niederwasser<\/a><\/a><\/p>\n<\/div>\n\n\n\n<div class=\"wp-block-uagb-container uagb-block-bdfdfb36\">\n<\/div>\n<\/div><\/div>\n\n\n\n<div class=\"wp-block-uagb-separator uagb-block-959d2835\"><div class=\"wp-block-uagb-separator__inner\" style=\"--my-background-image:\"><\/div><\/div>\n\n\n\n<div style=\"height:54px\" aria-hidden=\"true\" class=\"wp-block-spacer\"><\/div>\n\n\n\n<div class=\"wp-block-uagb-container uagb-block-6a138d19 alignfull uagb-is-root-container\"><div class=\"uagb-container-inner-blocks-wrap\">\n<div class=\"wp-block-uagb-container uagb-block-00b94fb6\">\n<p>TRIBERG<\/p>\n\n\n\n<div class=\"wp-block-uagb-advanced-heading uagb-block-7cca69a5\"><h2 class=\"uagb-heading-text\">HAUS\u00a0DER SCHWARZWALDUHREN<\/h2><\/div>\n\n\n\n<div class=\"wp-block-uagb-separator uagb-block-b78b164e\"><div class=\"wp-block-uagb-separator__inner\" style=\"--my-background-image:\"><\/div><\/div>\n\n\n\n<p>Am Fu\u00df der\u00a0<strong>Triberger Wasserf\u00e4lle<\/strong>\u00a0haben Sie die M\u00f6glichkeit, neben sch\u00f6nen Souvenirs, ebenfalls\u00a0<strong>Kuckucksuhren<\/strong>\u00a0aus unserer eigenen Manufaktur zu kaufen. Sie erhalten bei uns erstklassige Kuckucksuhren, die mit Liebe in unserem\u00a0<strong>Familienbetrieb<\/strong>\u00a0hergestellt werden &#8211; und das bereits in der 7. Generation.<br>Wir beraten Sie sehr gerne und bei Bedarf versenden wir Ihre Wunschuhr zu Ihnen nach Hause!<\/p>\n\n\n\n<p><a rel=\"noreferrer noopener\" href=\"https:\/\/goo.gl\/maps\/ecx4KTZd7aE2c1Ug8\" target=\"_blank\"><a rel=\"noreferrer noopener\" href=\"https:\/\/goo.gl\/maps\/cuxzL5HWS8EDPrkj9\" target=\"_blank\">Hauptstrasse 77, 78098 Triberg<\/a><\/a><\/p>\n<\/div>\n\n\n\n<div class=\"wp-block-uagb-container uagb-block-54c4bdeb\">\n<\/div>\n<\/div><\/div>\n\n\n\n<div class=\"wp-block-uagb-separator uagb-block-d4d5534b\"><div class=\"wp-block-uagb-separator__inner\" style=\"--my-background-image:\"><\/div><\/div>\n\n\n\n<div style=\"height:54px\" aria-hidden=\"true\" class=\"wp-block-spacer\"><\/div>\n\n\n\n<div class=\"wp-block-uagb-container uagb-block-513abc47 alignfull uagb-is-root-container\"><div class=\"uagb-container-inner-blocks-wrap\">\n<div class=\"wp-block-uagb-call-to-action uagb-block-cd34c17f wp-block-button\"><div class=\"uagb-cta__wrap\"><\/div><div class=\"uagb-cta__buttons\"><a href=\"https:\/\/www.haus-der-schwarzwalduhren.de\/\" class=\"uagb-cta__button-link-wrapper wp-block-button__link\" target=\"_blank\" rel=\"noopener noreferrer\">Zum Onlineshop<svg xmlns=\"https:\/\/www.w3.org\/2000\/svg\" viewBox=\"0 0 576 512\"><path d=\"M96 0C107.5 0 117.4 8.19 119.6 19.51L121.1 32H541.8C562.1 32 578.3 52.25 572.6 72.66L518.6 264.7C514.7 278.5 502.1 288 487.8 288H170.7L179.9 336H488C501.3 336 512 346.7 512 360C512 373.3 501.3 384 488 384H159.1C148.5 384 138.6 375.8 136.4 364.5L76.14 48H24C10.75 48 0 37.25 0 24C0 10.75 10.75 0 24 0H96zM128 464C128 437.5 149.5 416 176 416C202.5 416 224 437.5 224 464C224 490.5 202.5 512 176 512C149.5 512 128 490.5 128 464zM512 464C512 490.5 490.5 512 464 512C437.5 512 416 490.5 416 464C416 437.5 437.5 416 464 416C490.5 416 512 437.5 512 464z\"><\/path><\/svg><\/a><\/div><\/div>\n<\/div><\/div>\n\n\n\n<div style=\"height:54px\" aria-hidden=\"true\" class=\"wp-block-spacer\"><\/div>\n","protected":false},"excerpt":{"rendered":"<p>FILIALEN UHRWERK GUTACH HERR ZEIT Wir bieten Ihnen bei\u00a0Herr Zeit\u00a0neben\u00a0handgeschnitzte Kuckucksuhren\u00a0aus unserer eigenen Produktion ausgew\u00e4hlte Souvenirs vom klassischen T-Shirt bis zum hochwertigen Schwarzwald-Gin. Das\u00a0Erlebnisdorf \u201eUhrwerk\u201c\u00a0schenkt Ihnen eine Auszeit vom Alltag \u2013 denn das sch\u00f6nste Geschenk ist\u00a0Zeit. Bei uns erwartet Sie eine\u00a0Gastronomie- und Event-Location\u00a0der besonderen Art: Das einzigartige Schwarzwald-Flair sorgt f\u00fcr eine entspannte Atmosph\u00e4re und vereint [&hellip;]<\/p>\n","protected":false},"author":1,"featured_media":0,"parent":0,"menu_order":0,"comment_status":"closed","ping_status":"closed","template":"","meta":{"_uag_custom_page_level_css":"","site-sidebar-layout":"default","site-content-layout":"","ast-site-content-layout":"default","site-content-style":"default","site-sidebar-style":"default","ast-global-header-display":"","ast-banner-title-visibility":"","ast-main-header-display":"","ast-hfb-above-header-display":"","ast-hfb-below-header-display":"","ast-hfb-mobile-header-display":"","site-post-title":"disabled","ast-breadcrumbs-content":"","ast-featured-img":"","footer-sml-layout":"","ast-disable-related-posts":"","theme-transparent-header-meta":"","adv-header-id-meta":"","stick-header-meta":"","header-above-stick-meta":"","header-main-stick-meta":"","header-below-stick-meta":"","astra-migrate-meta-layouts":"default","ast-page-background-enabled":"default","ast-page-background-meta":{"desktop":{"background-color":"var(--ast-global-color-4)","background-image":"","background-repeat":"repeat","background-position":"center center","background-size":"auto","background-attachment":"scroll","background-type":"","background-media":"","overlay-type":"","overlay-color":"","overlay-opacity":"","overlay-gradient":""},"tablet":{"background-color":"","background-image":"","background-repeat":"repeat","background-position":"center center","background-size":"auto","background-attachment":"scroll","background-type":"","background-media":"","overlay-type":"","overlay-color":"","overlay-opacity":"","overlay-gradient":""},"mobile":{"background-color":"","background-image":"","background-repeat":"repeat","background-position":"center center","background-size":"auto","background-attachment":"scroll","background-type":"","background-media":"","overlay-type":"","overlay-color":"","overlay-opacity":"","overlay-gradient":""}},"ast-content-background-meta":{"desktop":{"background-color":"var(--ast-global-color-5)","background-image":"","background-repeat":"repeat","background-position":"center center","background-size":"auto","background-attachment":"scroll","background-type":"","background-media":"","overlay-type":"","overlay-color":"","overlay-opacity":"","overlay-gradient":""},"tablet":{"background-color":"var(--ast-global-color-5)","background-image":"","background-repeat":"repeat","background-position":"center center","background-size":"auto","background-attachment":"scroll","background-type":"","background-media":"","overlay-type":"","overlay-color":"","overlay-opacity":"","overlay-gradient":""},"mobile":{"background-color":"var(--ast-global-color-5)","background-image":"","background-repeat":"repeat","background-position":"center center","background-size":"auto","background-attachment":"scroll","background-type":"","background-media":"","overlay-type":"","overlay-color":"","overlay-opacity":"","overlay-gradient":""}},"footnotes":""},"class_list":["post-4974","page","type-page","status-publish","hentry"],"uagb_featured_image_src":{"full":false,"thumbnail":false,"medium":false,"medium_large":false,"large":false,"1536x1536":false,"2048x2048":false},"uagb_author_info":{"display_name":"admin","author_link":"https:\/\/update.uhrwerk-gutach.de\/herr-zeit\/blog\/author\/cweber\/"},"uagb_comment_info":0,"uagb_excerpt":"FILIALEN UHRWERK GUTACH HERR ZEIT Wir bieten Ihnen bei\u00a0Herr Zeit\u00a0neben\u00a0handgeschnitzte Kuckucksuhren\u00a0aus unserer eigenen Produktion ausgew\u00e4hlte Souvenirs vom klassischen T-Shirt bis zum hochwertigen Schwarzwald-Gin. Das\u00a0Erlebnisdorf \u201eUhrwerk\u201c\u00a0schenkt Ihnen eine Auszeit vom Alltag \u2013 denn das sch\u00f6nste Geschenk ist\u00a0Zeit. Bei uns erwartet Sie eine\u00a0Gastronomie- und Event-Location\u00a0der besonderen Art: Das einzigartige Schwarzwald-Flair sorgt f\u00fcr eine entspannte Atmosph\u00e4re und vereint&hellip;","_links":{"self":[{"href":"https:\/\/update.uhrwerk-gutach.de\/herr-zeit\/wp-json\/wp\/v2\/pages\/4974","targetHints":{"allow":["GET"]}}],"collection":[{"href":"https:\/\/update.uhrwerk-gutach.de\/herr-zeit\/wp-json\/wp\/v2\/pages"}],"about":[{"href":"https:\/\/update.uhrwerk-gutach.de\/herr-zeit\/wp-json\/wp\/v2\/types\/page"}],"author":[{"embeddable":true,"href":"https:\/\/update.uhrwerk-gutach.de\/herr-zeit\/wp-json\/wp\/v2\/users\/1"}],"replies":[{"embeddable":true,"href":"https:\/\/update.uhrwerk-gutach.de\/herr-zeit\/wp-json\/wp\/v2\/comments?post=4974"}],"version-history":[{"count":49,"href":"https:\/\/update.uhrwerk-gutach.de\/herr-zeit\/wp-json\/wp\/v2\/pages\/4974\/revisions"}],"predecessor-version":[{"id":5459,"href":"https:\/\/update.uhrwerk-gutach.de\/herr-zeit\/wp-json\/wp\/v2\/pages\/4974\/revisions\/5459"}],"wp:attachment":[{"href":"https:\/\/update.uhrwerk-gutach.de\/herr-zeit\/wp-json\/wp\/v2\/media?parent=4974"}],"curies":[{"name":"wp","href":"https:\/\/api.w.org\/{rel}","templated":true}]}}