{"id":1579,"date":"2019-04-28T19:39:47","date_gmt":"2019-04-28T19:39:47","guid":{"rendered":"https:\/\/dev.uhrwerk-gutach.de\/?page_id=1579"},"modified":"2024-03-15T21:25:18","modified_gmt":"2024-03-15T21:25:18","slug":"gutscheine","status":"publish","type":"page","link":"https:\/\/update.uhrwerk-gutach.de\/webers-esszeit\/gutscheine\/","title":{"rendered":"Gutscheine und Kuchenbestellung"},"content":{"rendered":"\n<div class=\"wp-block-uagb-container uagb-block-c70340b4 alignfull uagb-is-root-container\"><div class=\"uagb-container-inner-blocks-wrap\">\n<div class=\"wp-block-uagb-advanced-heading uagb-block-66eed91d\"><h1 class=\"uagb-heading-text\">GUTSCHEINE ZUM AUSDRUCKEN BESTELLEN<\/h1><\/div>\n\n\n\n<div class=\"wp-block-uagb-advanced-heading uagb-block-c2024a9f\"><h2 class=\"uagb-heading-text\">KUCHEN ZUM ABHOLEN VORBESTELLEN<\/h2><\/div>\n<\/div><\/div>\n\n\n\n<div style=\"height:28px\" aria-hidden=\"true\" class=\"wp-block-spacer\"><\/div>\n\n\n\n<div class=\"wp-block-uagb-container uagb-block-bebbeb98 alignfull uagb-is-root-container\"><div class=\"uagb-container-inner-blocks-wrap\">\n<div class=\"wp-block-uagb-call-to-action uagb-block-96bd407c\"><div class=\"uagb-cta__wrap\"><h3 class=\"uagb-cta__title\"><strong>Sie m\u00f6chten Ihren Lieben eine Freude bereiten?<\/strong><\/h3><p class=\"uagb-cta__desc\">Dann verschenken Sie einen Besuch bei Weber&#8217;s Esszeit. Denn gemeinsame Zeit und Erlebnisse f\u00fcr die Ewigkeit sind die sch\u00f6nsten Geschenke!<br>Gutscheine k\u00f6nnen Sie weiter unten online zum Ausdrucken bestellen.<br>Dr\u00fccken sie daf\u00fcr auf den rechten gelben Kasten &#8211; Gutschein kaufen. Dort werden Sie durch das System gef\u00fchrt.<br>Gerne k\u00f6nnen Sie auch vor Ort Gutscheine erwerben.<br><br>Alternativ k\u00f6nnen Sie uns eine E-Mail mit Ihrem Namen, Ihrer Anschrift und dem Wert des Gutscheins senden, den Sie verschenken m\u00f6chten. Sie erhalten umgehend eine Antwort und \u00dcberweisungsinformationen von uns. Alle Gutscheine welche per E-Mail bestellt werden, werden per Post versendet <br>(Bitte beachten Sie das f\u00fcr Gutscheine welche per Post versendet werden ein Porto berechnet wird).<\/p><\/div><div class=\"uagb-cta__buttons\"><\/div><\/div>\n\n\n\n<h3 class=\"wp-block-heading has-text-align-center\"><strong>Sie m\u00f6chten Ihren Kuchen zum Abholen vorbestellen?<\/strong><\/h3>\n\n\n\n<p class=\"has-text-align-center\"> \u00dcber einen Klick auf den linken gelben Kasten &#8211; Abholen &#8211; sehen Sie eine \u00dcbersicht \u00fcber unsere Tagesaktuellen Kuchen und Torten.  <br>Hier haben sie nun auch die m\u00f6glichkeit eine Auswahl zu t\u00e4tigen und diese verbindlich vorzubestellen.<br>Bezahlen Sie entweder vor Ort oder direkt \u00fcber die Webseite.<br>Kommen sie zu der angegebenen Uhrzeit zu uns und Sie erhalten Ihre Kuchen-\/Tortenst\u00fccke an der Theke.<br><br>In der Best\u00e4tigungsmail haben sie die M\u00f6glichkeit die Bestellung zu stornieren.<\/p>\n\n\n\n<script type=\"text\/javascript\" src=\"https:\/\/services.gastronovi.com\/restaurants\/98435\/scripts\/reservation\" async><\/script>\n<\/div><\/div>\n\n\n\n<div id=\"reservieren\" class=\"wp-block-uagb-container uagb-block-588afa3d alignfull uagb-is-root-container\"><div class=\"uagb-container-inner-blocks-wrap\">\n<div class=\"wp-block-uagb-container uagb-block-93ee7250\">\n<h2 class=\"wp-block-heading\" style=\"margin-top:0;margin-right:0;margin-bottom:0;margin-left:0\">RESERVIEREN SIE JETZT GANZ EINFACH ONLINE<\/h2>\n\n\n\n<p>WIR FREUEN UNS AUF IHREN BESUCH!<\/p>\n<\/div>\n\n\n\n<div class=\"wp-block-uagb-container uagb-block-2ef8a618\">\n<div style=\"height:2vh\" aria-hidden=\"true\" class=\"wp-block-spacer\"><\/div>\n\n\n\n<script type=\"text\/javascript\" src=\"https:\/\/services.gastronovi.com\/restaurants\/98435\/scripts\/reservation\/entry\/reservation\" async><\/script>\n<\/div>\n<\/div><\/div>\n","protected":false},"excerpt":{"rendered":"<p>GUTSCHEINE ZUM AUSDRUCKEN BESTELLEN KUCHEN ZUM ABHOLEN VORBESTELLEN<\/p>\n","protected":false},"author":1,"featured_media":0,"parent":0,"menu_order":0,"comment_status":"closed","ping_status":"closed","template":"","meta":{"_uag_custom_page_level_css":"","site-sidebar-layout":"default","site-content-layout":"","ast-site-content-layout":"default","site-content-style":"default","site-sidebar-style":"default","ast-global-header-display":"","ast-banner-title-visibility":"","ast-main-header-display":"","ast-hfb-above-header-display":"","ast-hfb-below-header-display":"","ast-hfb-mobile-header-display":"","site-post-title":"disabled","ast-breadcrumbs-content":"","ast-featured-img":"","footer-sml-layout":"","ast-disable-related-posts":"","theme-transparent-header-meta":"","adv-header-id-meta":"","stick-header-meta":"","header-above-stick-meta":"","header-main-stick-meta":"","header-below-stick-meta":"","astra-migrate-meta-layouts":"set","ast-page-background-enabled":"default","ast-page-background-meta":{"desktop":{"background-color":"var(--ast-global-color-4)","background-image":"","background-repeat":"repeat","background-position":"center center","background-size":"auto","background-attachment":"scroll","background-type":"","background-media":"","overlay-type":"","overlay-color":"","overlay-opacity":"","overlay-gradient":""},"tablet":{"background-color":"","background-image":"","background-repeat":"repeat","background-position":"center center","background-size":"auto","background-attachment":"scroll","background-type":"","background-media":"","overlay-type":"","overlay-color":"","overlay-opacity":"","overlay-gradient":""},"mobile":{"background-color":"","background-image":"","background-repeat":"repeat","background-position":"center center","background-size":"auto","background-attachment":"scroll","background-type":"","background-media":"","overlay-type":"","overlay-color":"","overlay-opacity":"","overlay-gradient":""}},"ast-content-background-meta":{"desktop":{"background-color":"var(--ast-global-color-5)","background-image":"","background-repeat":"repeat","background-position":"center center","background-size":"auto","background-attachment":"scroll","background-type":"","background-media":"","overlay-type":"","overlay-color":"","overlay-opacity":"","overlay-gradient":""},"tablet":{"background-color":"var(--ast-global-color-5)","background-image":"","background-repeat":"repeat","background-position":"center center","background-size":"auto","background-attachment":"scroll","background-type":"","background-media":"","overlay-type":"","overlay-color":"","overlay-opacity":"","overlay-gradient":""},"mobile":{"background-color":"var(--ast-global-color-5)","background-image":"","background-repeat":"repeat","background-position":"center center","background-size":"auto","background-attachment":"scroll","background-type":"","background-media":"","overlay-type":"","overlay-color":"","overlay-opacity":"","overlay-gradient":""}},"footnotes":""},"class_list":["post-1579","page","type-page","status-publish","hentry"],"uagb_featured_image_src":{"full":false,"thumbnail":false,"medium":false,"medium_large":false,"large":false,"1536x1536":false,"2048x2048":false},"uagb_author_info":{"display_name":"admin","author_link":"https:\/\/update.uhrwerk-gutach.de\/webers-esszeit\/author\/cweber\/"},"uagb_comment_info":0,"uagb_excerpt":"GUTSCHEINE ZUM AUSDRUCKEN BESTELLEN KUCHEN ZUM ABHOLEN VORBESTELLEN","_links":{"self":[{"href":"https:\/\/update.uhrwerk-gutach.de\/webers-esszeit\/wp-json\/wp\/v2\/pages\/1579","targetHints":{"allow":["GET"]}}],"collection":[{"href":"https:\/\/update.uhrwerk-gutach.de\/webers-esszeit\/wp-json\/wp\/v2\/pages"}],"about":[{"href":"https:\/\/update.uhrwerk-gutach.de\/webers-esszeit\/wp-json\/wp\/v2\/types\/page"}],"author":[{"embeddable":true,"href":"https:\/\/update.uhrwerk-gutach.de\/webers-esszeit\/wp-json\/wp\/v2\/users\/1"}],"replies":[{"embeddable":true,"href":"https:\/\/update.uhrwerk-gutach.de\/webers-esszeit\/wp-json\/wp\/v2\/comments?post=1579"}],"version-history":[{"count":49,"href":"https:\/\/update.uhrwerk-gutach.de\/webers-esszeit\/wp-json\/wp\/v2\/pages\/1579\/revisions"}],"predecessor-version":[{"id":6387,"href":"https:\/\/update.uhrwerk-gutach.de\/webers-esszeit\/wp-json\/wp\/v2\/pages\/1579\/revisions\/6387"}],"wp:attachment":[{"href":"https:\/\/update.uhrwerk-gutach.de\/webers-esszeit\/wp-json\/wp\/v2\/media?parent=1579"}],"curies":[{"name":"wp","href":"https:\/\/api.w.org\/{rel}","templated":true}]}}