{"id":2876,"date":"2019-11-01T16:00:49","date_gmt":"2019-11-01T16:00:49","guid":{"rendered":"https:\/\/dev.uhrwerk-gutach.de\/?page_id=2876"},"modified":"2025-01-23T16:30:55","modified_gmt":"2025-01-23T16:30:55","slug":"reservieren","status":"publish","type":"page","link":"https:\/\/update.uhrwerk-gutach.de\/webers-esszeit\/reservieren\/","title":{"rendered":"Reservieren"},"content":{"rendered":"\n<div class=\"wp-block-uagb-container uagb-block-823372b8 alignfull uagb-is-root-container\"><div class=\"uagb-container-inner-blocks-wrap\">\n<div class=\"wp-block-uagb-advanced-heading uagb-block-4219a759\"><h1 class=\"uagb-heading-text\">RESERVIEREN<\/h1><\/div>\n<\/div><\/div>\n\n\n\n<div class=\"wp-block-uagb-container uagb-block-058c3fdf alignfull uagb-is-root-container\"><div class=\"uagb-container-inner-blocks-wrap\">\n<div class=\"wp-block-uagb-container uagb-block-56e0fcab\">\n<div class=\"wp-block-uagb-info-box uagb-block-3fe5d065 uagb-infobox__content-wrap  uagb-infobox-icon-above-title uagb-infobox-image-valign-top\"><div class=\"uagb-ifb-content\"><div class=\"uagb-ifb-title-wrap\"><span class=\"uagb-ifb-title-prefix\">SICHERN SIE SICH IHRE PL\u00c4TZE IN UNSEREN GEM\u00dcTLICHEN STUBEN<\/span><h3 class=\"uagb-ifb-title\">RESERVIERUNG<\/h3><\/div><p class=\"uagb-ifb-desc\">Sie m\u00f6chten eine sch\u00f6ne Zeit bei uns verbringen, dann vergessen Sie nicht einen Tisch f\u00fcr sich und Ihre Liebsten zu reservieren. Wir bieten Ihnen die M\u00f6glichkeit sich Ihre Tische in verschiedenen Stuben zu reservieren, k\u00f6nnen Ihre Auswahl aber leider nicht fest garantieren.<br>Bei Reservierungen f\u00fcr <strong>Gruppen \u00fcber 12 Personen<\/strong> bitten wir Sie telefonisch oder per E-Mail mit uns Kontakt aufzunehmen.<br>Bringen Sie gerne auch Ihre Vierbeiner mit!<\/p><\/div><\/div>\n\n\n\n<div class=\"wp-block-uagb-container uagb-block-a819f1f7\">\n<figure class=\"wp-block-image size-large\"><img loading=\"lazy\" decoding=\"async\" width=\"914\" height=\"1024\" src=\"https:\/\/update.uhrwerk-gutach.de\/webers-esszeit\/wp-content\/uploads\/sites\/8\/2019\/12\/Vogtsstube-15-914x1024.jpg\" alt=\"Vogtsstube\" class=\"wp-image-3570\" srcset=\"https:\/\/update.uhrwerk-gutach.de\/webers-esszeit\/wp-content\/uploads\/sites\/8\/2019\/12\/Vogtsstube-15-914x1024.jpg 914w, https:\/\/update.uhrwerk-gutach.de\/webers-esszeit\/wp-content\/uploads\/sites\/8\/2019\/12\/Vogtsstube-15-268x300.jpg 268w, https:\/\/update.uhrwerk-gutach.de\/webers-esszeit\/wp-content\/uploads\/sites\/8\/2019\/12\/Vogtsstube-15-768x860.jpg 768w, https:\/\/update.uhrwerk-gutach.de\/webers-esszeit\/wp-content\/uploads\/sites\/8\/2019\/12\/Vogtsstube-15-179x200.jpg 179w, https:\/\/update.uhrwerk-gutach.de\/webers-esszeit\/wp-content\/uploads\/sites\/8\/2019\/12\/Vogtsstube-15.jpg 1700w\" sizes=\"auto, (max-width: 914px) 100vw, 914px\" \/><\/figure>\n<\/div>\n<\/div>\n\n\n\n<div class=\"wp-block-uagb-separator uagb-block-db41cc82\"><div class=\"wp-block-uagb-separator__inner\" style=\"--my-background-image:\"><\/div><\/div>\n\n\n\n<div id=\"reservieren\" class=\"wp-block-uagb-container uagb-block-d29982ec\">\n<div class=\"wp-block-uagb-container uagb-block-6a5738cd\">\n<h2 class=\"wp-block-heading has-ast-global-color-5-color has-text-color\" style=\"margin-top:0;margin-right:0;margin-bottom:0;margin-left:0\">RESERVIEREN SIE JETZT GANZ EINFACH ONLINE<\/h2>\n\n\n\n<p class=\"has-ast-global-color-4-color has-text-color\">WIR FREUEN UNS AUF IHREN BESUCH!<\/p>\n<\/div>\n\n\n\n<div class=\"wp-block-uagb-container uagb-block-ca5fa415\">\n<div style=\"height:2vh\" aria-hidden=\"true\" class=\"wp-block-spacer\"><\/div>\n\n\n\n<script type=\"text\/javascript\" src=\"https:\/\/services.gastronovi.com\/restaurants\/98435\/scripts\/reservation\/entry\/reservation\" async><\/script>\n<\/div>\n<\/div>\n<\/div><\/div>\n","protected":false},"excerpt":{"rendered":"<p>RESERVIEREN RESERVIEREN SIE JETZT GANZ EINFACH ONLINE WIR FREUEN UNS AUF IHREN BESUCH!<\/p>\n","protected":false},"author":1,"featured_media":0,"parent":0,"menu_order":0,"comment_status":"closed","ping_status":"closed","template":"","meta":{"_uag_custom_page_level_css":"","site-sidebar-layout":"default","site-content-layout":"","ast-site-content-layout":"default","site-content-style":"default","site-sidebar-style":"default","ast-global-header-display":"","ast-banner-title-visibility":"","ast-main-header-display":"","ast-hfb-above-header-display":"","ast-hfb-below-header-display":"","ast-hfb-mobile-header-display":"","site-post-title":"disabled","ast-breadcrumbs-content":"","ast-featured-img":"","footer-sml-layout":"","ast-disable-related-posts":"","theme-transparent-header-meta":"","adv-header-id-meta":"","stick-header-meta":"","header-above-stick-meta":"","header-main-stick-meta":"","header-below-stick-meta":"","astra-migrate-meta-layouts":"set","ast-page-background-enabled":"default","ast-page-background-meta":{"desktop":{"background-color":"var(--ast-global-color-4)","background-image":"","background-repeat":"repeat","background-position":"center center","background-size":"auto","background-attachment":"scroll","background-type":"","background-media":"","overlay-type":"","overlay-color":"","overlay-opacity":"","overlay-gradient":""},"tablet":{"background-color":"","background-image":"","background-repeat":"repeat","background-position":"center center","background-size":"auto","background-attachment":"scroll","background-type":"","background-media":"","overlay-type":"","overlay-color":"","overlay-opacity":"","overlay-gradient":""},"mobile":{"background-color":"","background-image":"","background-repeat":"repeat","background-position":"center center","background-size":"auto","background-attachment":"scroll","background-type":"","background-media":"","overlay-type":"","overlay-color":"","overlay-opacity":"","overlay-gradient":""}},"ast-content-background-meta":{"desktop":{"background-color":"var(--ast-global-color-5)","background-image":"","background-repeat":"repeat","background-position":"center center","background-size":"auto","background-attachment":"scroll","background-type":"","background-media":"","overlay-type":"","overlay-color":"","overlay-opacity":"","overlay-gradient":""},"tablet":{"background-color":"var(--ast-global-color-5)","background-image":"","background-repeat":"repeat","background-position":"center center","background-size":"auto","background-attachment":"scroll","background-type":"","background-media":"","overlay-type":"","overlay-color":"","overlay-opacity":"","overlay-gradient":""},"mobile":{"background-color":"var(--ast-global-color-5)","background-image":"","background-repeat":"repeat","background-position":"center center","background-size":"auto","background-attachment":"scroll","background-type":"","background-media":"","overlay-type":"","overlay-color":"","overlay-opacity":"","overlay-gradient":""}},"footnotes":""},"class_list":["post-2876","page","type-page","status-publish","hentry"],"uagb_featured_image_src":{"full":false,"thumbnail":false,"medium":false,"medium_large":false,"large":false,"1536x1536":false,"2048x2048":false},"uagb_author_info":{"display_name":"admin","author_link":"https:\/\/update.uhrwerk-gutach.de\/webers-esszeit\/author\/cweber\/"},"uagb_comment_info":0,"uagb_excerpt":"RESERVIEREN RESERVIEREN SIE JETZT GANZ EINFACH ONLINE WIR FREUEN UNS AUF IHREN BESUCH!","_links":{"self":[{"href":"https:\/\/update.uhrwerk-gutach.de\/webers-esszeit\/wp-json\/wp\/v2\/pages\/2876","targetHints":{"allow":["GET"]}}],"collection":[{"href":"https:\/\/update.uhrwerk-gutach.de\/webers-esszeit\/wp-json\/wp\/v2\/pages"}],"about":[{"href":"https:\/\/update.uhrwerk-gutach.de\/webers-esszeit\/wp-json\/wp\/v2\/types\/page"}],"author":[{"embeddable":true,"href":"https:\/\/update.uhrwerk-gutach.de\/webers-esszeit\/wp-json\/wp\/v2\/users\/1"}],"replies":[{"embeddable":true,"href":"https:\/\/update.uhrwerk-gutach.de\/webers-esszeit\/wp-json\/wp\/v2\/comments?post=2876"}],"version-history":[{"count":37,"href":"https:\/\/update.uhrwerk-gutach.de\/webers-esszeit\/wp-json\/wp\/v2\/pages\/2876\/revisions"}],"predecessor-version":[{"id":6856,"href":"https:\/\/update.uhrwerk-gutach.de\/webers-esszeit\/wp-json\/wp\/v2\/pages\/2876\/revisions\/6856"}],"wp:attachment":[{"href":"https:\/\/update.uhrwerk-gutach.de\/webers-esszeit\/wp-json\/wp\/v2\/media?parent=2876"}],"curies":[{"name":"wp","href":"https:\/\/api.w.org\/{rel}","templated":true}]}}